253869 is divided by 2274.
1455
Calculate the remainder when 110886 is divided by 101091.
9795
What is the remainder when 298374 is divided by 149179?
16
Calculate the remainder when 2380581 is divided by 1249.
1236
What is the remainder when 14370 is divided by 1041?
837
What is the remainder when 431049 is divided by 213505?
4039
Calculate the remainder when 1403151 is divided by 336.
15
What is the remainder when 13549382 is divided by 11980?
2
What is the remainder when 32345 is divided by 698?
237
Calculate the remainder when 55781 is divided by 17160.
4301
Calculate the remainder when 26302930 is divided by 119.
3
Calculate the remainder when 384726 is divided by 1474.
12
What is the remainder when 94525914 is divided by 19291?
14
Calculate the remainder when 637898 is divided by 141.
14
Calculate the remainder when 52555 is divided by 3503.
10
What is the remainder when 736681 is divided by 36824?
201
Calculate the remainder when 4066782 is divided by 1355593.
3
Calculate the remainder when 227199 is divided by 227081.
118
Calculate the remainder when 7414425 is divided by 183.
180
What is the remainder when 14066 is divided by 842?
594
Calculate the remainder when 14097664 is divided by 158400.
64
What is the remainder when 118013317 is divided by 652?
13
Calculate the remainder when 306732 is divided by 19.
15
What is the remainder when 41372 is divided by 1884?
1808
Calculate the remainder when 37069 is divided by 134.
85
Calculate the remainder when 21599 is divided by 152.
15
Calculate the remainder when 1112650 is divided by 24.
10
Calculate the remainder when 3145791 is divided by 66931.
34
Calculate the remainder when 78972170 is divided by 4529.
4526
Calculate the remainder when 8718330 is divided by 33.
27
Calculate the remainder when 1187616 is divided by 395871.
3
Calculate the remainder when 10569 is divided by 151.
150
Calculate the remainder when 86540 is divided by 28839.
23
What is the remainder when 857310 is divided by 13381?
926
Calculate the remainder when 635932 is divided by 1429.
27
Calculate the remainder when 3978404 is divided by 1988771.
862
Calculate the remainder when 387764331 is divided by 131.
8
What is the remainder when 12274 is divided by 12143?
131
What is the remainder when 77971 is divided by 5994?
49
Calculate the remainder when 57024 is divided by 237.
144
Calculate the remainder when 726029 is divided by 3783.
3476
What is the remainder when 2072914 is divided by 2072843?
71
Calculate the remainder when 252423 is divided by 19416.
15
Calculate the remainder when 45606 is divided by 11233.
674
Calculate the remainder when 11799636 is divided by 18294.
6
Calculate the remainder when 9250 is divided by 188.
38
Calculate the remainder when 45609871 is divided by 3198.
3193
Calculate the remainder when 3696 is divided by 924.
0
What is the remainder when 10787 is divided by 10776?
11
Calculate the remainder when 917932847 is divided by 74.
69
Calculate the remainder when 136341 is divided by 8518.
53
What is the remainder when 4394974 is divided by 1799?
17
What is the remainder when 660405 is divided by 55?
20
Calculate the remainder when 17017032 is divided by 7.
4
Calculate the remainder when 60288835 is divided by 167.
165
What is the remainder when 13156602 is divided by 47156?
78
What is the remainder when 36575 is divided by 92?
51
What is the remainder when 2935156 is divided by 160?
116
What is the remainder when 93957218 is divided by 857?
23
What is the remainder when 1973811 is divided by 223?
38
Calculate the remainder when 1291842 is divided by 53813.
330
Calculate the remainder when 900577 is divided by 4.
1
Calculate the remainder when 81558 is divided by 76675.
4883
What is the remainder when 103685 is divided by 32650?
5735
Calculate the remainder when 1571949 is divided by 5329.
5223
What is the remainder when 7966318 is divided by 91?
87
What is the remainder when 4165465 is divided by 566?
271
What is the remainder when 9746802 is divided by 32?
18
What is the remainder when 734352 is divided by 613?
591
Calculate the remainder when 904438 is divided by 150687.
316
Calculate the remainder when 1130944 is divided by 3469.
50
Calculate the remainder when 52389 is divided by 1192.
1133
Calculate the remainder when 99220950 is divided by 7064.
6
Calculate the remainder when 45067085 is divided by 15022359.
8
Calculate the remainder when 282463600 is divided by 155799.
13
Calculate the remainder when 17538 is divided by 5017.
2487
Calculate the remainder when 18807143 is divided by 21.
5
Calculate the remainder when 5892522 is divided by 107.
32
Calculate the remainder when 1841063 is divided by 5771.
114
What is the remainder when 280380 is divided by 2317?
23
What is the remainder when 601867 is divided by 762?
649
What is the remainder when 629093 is divided by 300?
293
Calculate the remainder when 6243871 is divided by 98.
95
What is the remainder when 111249286 is divided by 486?
484
Calculate the remainder when 29827 is divided by 821.
271
What is the remainder when 1355251 is divided by 7861?
3159
Calculate the remainder when 32491080 is divided by 3197.
3166
What is the remainder when 111163 is divided by 55553?
57
Calculate the remainder when 83692 is divided by 488.
244
Calculate the remainder when 738674 is divided by 3847.
50
Calculate the remainder when 105039214 is divided by 44.
38
What is the remainder when 409461 is divided by 136180?
921
Calculate the remainder when 176644 is divided by 59.
57
What is the remainder when 99182 is divided by 4713?
209
What is the remainder when 2083621 is divided by 140?
1
What is the remainder when 84012183 is divided by 1012?
1003
Calculate the remainder when 95875899 is divided by 380.
379
What is the remainder when 25705257 is divided by 22?
17
Calculate the remainder when 15690483 is divided by 700.
683
Calculate the remainder when 248700 is divided by 489.
288
Calculate the remainder when 92290120 is divided by 2474.
24
What is the remainder when 2385291 is divided by 38?
31
Calculate the remainder when 2798513 is divided by 1480.
1313
Calculate the remainder when 179551061 is divided by 305.
1
Calculate the remainder when 402028 is divided by 329.
319
Calculate the remainder when 7506381 is divided by 51.
48
Calculate the remainder when 43110233 is divided by 6922.
17
Calculate the remainder when 11297577 is divided by 2220.
2217
Calculate the remainder when 203713 is divided by 68.
53
Calculate the remainder when 970164 is divided by 5053.
5041
Calculate the remainder when 313590479 is divided by 67.
61
What is the remainder when 78150 is divided by 3124?
50
What is the remainder when 4355634 is divided by 148?
142
Calculate the remainder when 1043406657 is divided by 145.
142
Calculate the remainder when 4743309 is divided by 948649.
64
Calculate the remainder when 164195584 is divided by 19046.
18
What is the remainder when 78799 is divided by 15749?
54
Calculate the remainder when 48329071 is divided by 24164530.
11
Calculate the remainder when 5575642 is divided by 1115128.
2
Calculate the remainder when 307783 is divided by 5044.
99
What is the remainder when 4178404 is divided by 11704?
76
What is the remainder when 1715143 is divided by 814?
45
What is the remainder when 1373239 is divided by 42?
7
What is the remainder when 27166102 is divided by 22?
18
Calculate the remainder when 5677250 is divided by 1027.
1021
What is the remainder when 1468979 is divided by 734397?
185
What is the remainder when 14864702 is divided by 235?
12
What is the remainder when 82298 is divided by 32?
26
What is the remainder when 1274094 is divided by 4862?
250
What is the remainder when 23601774 is divided by 1242?
48
What is the remainder when 39658415 is divided by 848?
847
What is the remainder when 21045946 is divided by 7015289?
79
What is the remainder when 70403802 is divided by 3212?
3186
Calculate the remainder when 15273585 is divided by 471.
468
What is the remainder when 11014908 is divided by 391?
47
Calculate the remainder when 81730469 is divided by 459.
11
What is the remainder when 1796999 is divided by 16?
7
Calculate the remainder when 46615985 is divided by 61743.
20
Calculate the remainder when 5028803 is divided